

--
-- Table structure for table `Klasy1`
--

CREATE TABLE Klasy1 (
  idkla int(11) NOT NULL auto_increment,
  idszk int(11) default NULL,
  zawod1 varchar(200) NOT NULL default '',
  nazwakl varchar(10) NOT NULL default '',
  niemiecki varchar(30) default NULL,
  angielski varchar(30) default NULL,
  francuski varchar(30) default NULL,
  rosyjski varchar(30) default NULL,
  czas varchar(10) NOT NULL default '',
  PRIMARY KEY  (idkla)
) TYPE=MyISAM;

--
-- Dumping data for table `Klasy1`
--

INSERT INTO Klasy1 VALUES (6,2,'technik dróg i mostów kolejowych','1TD','','język angielski','','język rosyjski','4 lata');
INSERT INTO Klasy1 VALUES (7,2,'technik logistyk','1TLa','','język angielski','','język rosyjski','4 lata');
INSERT INTO Klasy1 VALUES (8,2,'technik logistyk','1TLb','','język angielski','język francuski','','4 lata');
INSERT INTO Klasy1 VALUES (9,2,'technik logistyk','1TLc','język niemiecki','język angielski','','','4 lata');
INSERT INTO Klasy1 VALUES (10,4,'technik spedytor','1PSa','język niemiecki','język angielski','','','1 rok');
INSERT INTO Klasy1 VALUES (11,4,'technik spedytor','1PSb','','język angielski','','język rosyjski','1 rok');
INSERT INTO Klasy1 VALUES (12,4,'technik logistyk','1PLc','','język angielski','','język rosyjski','2 lata');
INSERT INTO Klasy1 VALUES (13,3,'transport - spedycja','1La','język niemiecki','język angielski','','','3 lata');
INSERT INTO Klasy1 VALUES (17,3,'transport - spedycja','1Lb','język niemiecki','język angielski','','','3 lata');
INSERT INTO Klasy1 VALUES (18,5,'technik spedytor','1LT','','język angielski','język francuski','','1 rok');
INSERT INTO Klasy1 VALUES (19,5,'technik spedytor','1LS','język niemiecki','','','','2 lata');
INSERT INTO Klasy1 VALUES (20,5,'technik dróg i mostów kolejowych','1LD','','','','język rosyjski','2 lata');

--
-- Table structure for table `Ogloszenia`
--

CREATE TABLE Ogloszenia (
  idoglo int(11) NOT NULL auto_increment,
  tytul varchar(250) NOT NULL default '',
  tresc text NOT NULL,
  zrodlo varchar(150) NOT NULL default '',
  link_foto varchar(150) NOT NULL default '',
  datawpisu date NOT NULL default '0000-00-00',
  pokaz char(1) NOT NULL default '',
  idaut int(11) default NULL,
  rodzaj varchar(10) default NULL,
  PRIMARY KEY  (idoglo)
) TYPE=MyISAM;

--
-- Dumping data for table `Ogloszenia`
--

INSERT INTO Ogloszenia VALUES (1,'XIV Olimpiada Informatyczna','Od 23 października 2006 rozpoczęła się\r\nXIV Olimpiada Informatyczna.\r\nZadania zawodów I stopnia, rozwiązywać można \r\ndo 20 listopada 2006. Dokładne informacje\r\nu nauczyciela Leszka Szpiecha','http://www.oi.edu.pl','','2006-11-26','t',5,'ogloszenie');
INSERT INTO Ogloszenia VALUES (2,'Koło Strzeleckie','Znajdziesz tu informacje na temat: \r\nodbytych imprez,\r\nnadchodzących wydarzeń,  \r\nbroni strzeleckiej,  \r\nzasad na strzelnicy, \r\ninne (informacje organizacyjne, zdjęcia, etc..). <br />\r\nOpiekun koła strzeleckiego: nauczyciel Zbigniew Jarek<br />\r\nPrzewodniczący koła: Bartosz Skoczylas','http://strzelec.kgb.pl/','','2006-10-30','t',1,'ogloszenie');
INSERT INTO Ogloszenia VALUES (4,'Parada niepodległości - 11 listopad 2006','Dnia 11 listopada 2006 roku odbył się konkurs dla szkół\r\n„ Radosna Parada niepodległości”\r\nW konkursie brały udział minimum 5-osobowe drużyny\r\nz opiekunem. Jury złożone z przedstawicieli władz miasta, dziennikarzy Gazety Wyborczej i Wrocławskiego CDN oceniało: stroje, kostiumy, akcenty związane z historią Polski.\r\nNasz szkoła zdobyła I miejsce.<br />\r\nOrganizator: Zbigniew Jarek, Edyta Majkowska','/fotorep/wydarzenia/parali06.htm','/fotorep/wydarzenia/patriota/parali06/01.jpg','2006-11-17','t',1,'foto');
INSERT INTO Ogloszenia VALUES (3,'Pierwsza pomoc przedmedyczna','W październiku i listopadzie odbywają się szkolenia\r\nw zakresie udzielanie pierwszej pomocy dla klas I, II i III\r\nw ramach profilaktyki prozdrowotnej.\r\nĆwiczenia i wykład prowadzi dr Piotr Rafał Babiak\r\nwraz z Grupą Ratownictwa Medycznego PCK Wrocław.<br />\r\nOrganizator: nauczyciel Zbigniew Jarek <br />\r\nPatronat: Wydział Bezpieczeństwa i Zarządzania Kryzysowego\r\n                oraz Wydział Edukacji','/fotorep/wydarzenia/pomoli06.htm','/fotorep/wydarzenia/zdrowie/pomoli06/01.jpg','2006-11-03','t',1,'foto');
INSERT INTO Ogloszenia VALUES (5,'Jasełka 2006','\"Jasełka\" kilka zdjęć przygotowanych przez uczniów.\r\nPrzedstawienie przygotowane pod kierunkiem mgr Małgorzaty Szydłowskiej i mgr Zbigniewa Siwca','/fotorep/wydarzenia/04gru06.htm','/fotorep/wydarzenia/jaselka/04gru06/01.jpg','2007-01-14','t',7,'foto');
INSERT INTO Ogloszenia VALUES (6,'Szkolny konkurs ortograficzny','Dnia 9 marca 2007 roku odbył się w szkole\r\nkonkurs ortograficzny, zorganizowany\r\nprzez nauczycielki języka polskiego naszej szkoły','/fotorep/wydarzenia/ortoma07.htm','/fotorep/wydarzenia/konkurs/ortoma07/19.jpg','2007-03-12','t',5,'foto');
INSERT INTO Ogloszenia VALUES (7,'Młodzieżowy Turniej Marynistyczny L.O.K. z cyklu','Dnia 20 marca 2007 odbył się Młodzieżowy Turniej Marynistyczny L.O.K. z cyklu\r\n\"Polska leży nad Bałtykiem\".\r\n<br />\r\nDrużyna w składzie: Weronika Wereszczyńska, Marta Słowińska, Magda Krupa, Magda Pawlik zdobyła IV miejsce.','/fotorep/wydarzenia/maryma07.htm','/fotorep/wydarzenia/konkurs/maryma07/01.jpg','2007-03-22','t',1,'foto');
INSERT INTO Ogloszenia VALUES (19,'Piknic w Wolsztynie','Wycieczka integracyjna do Wolsztyna','/fotorep/wydarzenia/wolswr05.htm','/fotorep/wydarzenia/integra/wolswr05/01.jpg','2005-09-18','t',3,'foto');
INSERT INTO Ogloszenia VALUES (9,'Bezpieczne ferie','Dnia 24 stycznia 2007 roku odbył się w szkole\r\npokaz ratownictwa medycznego ze\r\nStowarzyszenia Świętego Łazarza.\r\nUczestnikami pokazu były klasy pierwsze.','/fotorep/wydarzenia/bezpst07.htm','/fotorep/wydarzenia/zdrowie/bezpst07/01.jpg','2007-05-21','t',6,'foto');
INSERT INTO Ogloszenia VALUES (10,'Podręczniki szkolne w roku szkolnym 2007/2008','Podręczniki szkolne ważne w roku szkolnym 2007/2008.','http://zs23.wroclaw.pl/po07_08.doc','','2007-08-18','t',3,'ogloszenie');
INSERT INTO Ogloszenia VALUES (11,'Organizacja roku szkolnego 2007/2008','Zaglądnij a dowiesz się kiedy kończy się semestr, rok szkolny oraz przerwy świąteczne.','http://zs23.wroclaw.pl/2007_2008/dokumenty/term0708.doc','','2007-08-27','t',3,NULL);
INSERT INTO Ogloszenia VALUES (12,'Witamy gości z Drezna','W dniach 24-30 września 2007r. realizujemy program polsko-niemieckiej wymiany uczniów.\r\nZ wizytą we Wrocławiu przebywa grupa młodzieży z Drezna (Berufliches Schulzentrum für Elektrotechnik Dresden).<br />\r\nWszystkim uczestnikom spotkania życzymy owocnej współpracy a naszym gościom miłych i niezapomnianych wrażeń z pobytu we Wrocławiu.','','','2007-09-25','t',2,'ogloszenie');
INSERT INTO Ogloszenia VALUES (13,'Wyjazd integracyjny klas pierwszych','Wyjazd integracyjny klas pierwszych w roku szkolnym 2007/2008. Zwiedzanie i poznawanie \"perły dolnośląskiej\" zamku Książ.','/fotorep/wydarzenia/ksiawr07.htm','/fotorep/wydarzenia/integra/ksiawr07/10.jpg','2007-10-03','t',4,'foto');
INSERT INTO Ogloszenia VALUES (14,'Szkolny Wolontariat organizuje zbiórkę lektur szkolnych dla dzieci z Łotwy.','Zbiórka odbywać się będzie w dniach 15-26.10.2007 r<br />\r\nProsimy o składanie książek w pokoju pedagoga szkolnego,\r\nsala 49b.\r\n\r\n','','','2007-10-11','t',3,'ogloszenie');
INSERT INTO Ogloszenia VALUES (15,'Sukces Czerwonego Kapturka','Szkolna wymiana polsko-niemiecka za nami. Jednym z punktów tygodniowego programu było przygotowanie przedstawienia „Czerwony Kapturek” w wersji współczesnej. Młodzież obu partnerskich szkół poradziła sobie z tym zadaniem znakomicie. Samodzielnie przygotowali dekoracje i rekwizyty. Przekonująca gra młodych aktorów dostarczyła wielu niezapomnianych wrażeń oglądającym.<br /> Gratulujemy i dziękujemy koordynatorowi wymiany pani profesor Agnieszce Łuckoś.\r\n\r\n','/fotorep/wydarzenia/niempa07.htm','/fotorep/wydarzenia/wymiana/niempa07/15.jpg','2007-10-17','t',2,'foto');
INSERT INTO Ogloszenia VALUES (16,'Szkolny radiowęzeł','Ruszyło szkolne wydanie Radiowęzła, będzie co posłuchać i zobaczyć.','http://www.radiowezel23.yoyo.pl/','','2007-10-22','t',5,'ogloszenie');
INSERT INTO Ogloszenia VALUES (17,'Otrzęsiny nie są straszne','Czy otrzęsiny można przeżyć?\r\nMożna.','/fotorep/wydarzenia/otrzpa07.htm','/fotorep/wydarzenia/otrzesiny/20paz07/43.jpg','2007-10-25','t',4,'foto');
INSERT INTO Ogloszenia VALUES (20,'Rozpoczęcie Roku Szkolnego','Uroczyste rozpoczęcie Roku Szkolnego 2005-2006','/fotorep/wydarzenia/rozpwr05.htm','/fotorep/wydarzenia/rokszkolny/rozpwr05/01.jpg','2005-09-15','t',3,'foto');
INSERT INTO Ogloszenia VALUES (18,'Otrzęsiny','Klasy pierwsze zostały \"pełnoprawnymi\" uczniami.','/fotorep/wydarzenia/otrzpa05.htm','/fotorep/wydarzenia/otrzesiny/21paz05/01.jpg','2005-10-25','t',3,'foto');

--
-- Table structure for table `Reklama`
--

CREATE TABLE Reklama (
  idrekl int(11) NOT NULL auto_increment,
  datawpisu date NOT NULL default '0000-00-00',
  pokaz char(1) NOT NULL default '',
  link_gdzie varchar(250) default NULL,
  typ char(1) NOT NULL default '',
  tresc text NOT NULL,
  PRIMARY KEY  (idrekl)
) TYPE=MyISAM;

--
-- Dumping data for table `Reklama`
--

INSERT INTO Reklama VALUES (13,'2008-01-01','t','http://www.oke.wroc.pl/','t','Okręgowa Komisja Egzaminacyjna<br />\r\nInformacje o Maturze 2008');
INSERT INTO Reklama VALUES (9,'2007-12-01','t','http://www.zs23.wroclaw.pl/internat/','f','<object classid=\"clsid:d27cdb6e-ae6d-11cf-96b8-444553540000\" codebase=\"http://fpdownload.macromedia.com/pub/shockwave/cabs/flash/swflash.cab#version=7,0,0,0\" width=\"644\" height=\"100\" id=\"szkola1\" align=\"middle\">\r\n<param name=\"allowScriptAccess\" value=\"sameDomain\" />\r\n<param name=\"movie\" value=\"http://zs23.wroclaw.pl/zs23/rekla/szkola1.swf\" />\r\n<param name=\"quality\" value=\"high\" />\r\n<param name=\"bgcolor\" value=\"#ffffff\" />\r\n<embed src=\"http://zs23.wroclaw.pl/zs23/rekla/szkola1.swf\" quality=\"high\" bgcolor=\"#ffffff\" width=\"644\" height=\"100\" name=\"szkola1\" align=\"middle\" allowScriptAccess=\"sameDomain\" type=\"application/x-shockwave-flash\" pluginspage=\"http://www.macromedia.com/go/getflashplayer\" />\r\n</object>');
INSERT INTO Reklama VALUES (10,'2007-12-21','t','','f','<object classid=\"clsid:d27cdb6e-ae6d-11cf-96b8-444553540000\" codebase=\"http://fpdownload.macromedia.com/pub/shockwave/cabs/flash/swflash.cab#version=7,0,0,0\" width=\"644\" height=\"100\" id=\"internat\" align=\"middle\">\r\n<param name=\"allowScriptAccess\" value=\"sameDomain\" />\r\n<param name=\"movie\" value=\"http://www.zs23.wroclaw.pl/zs23/rekla/internat.swf\" />\r\n<param name=\"quality\" value=\"high\" />\r\n<param name=\"bgcolor\" value=\"#ffffff\" />\r\n<embed src=\"http://www.zs23.wroclaw.pl/zs23/rekla/internat.swf\" quality=\"high\" bgcolor=\"#ffffff\" width=\"644\" height=\"100\" name=\"internat\" align=\"middle\" allowScriptAccess=\"sameDomain\" type=\"application/x-shockwave-flash\" pluginspage=\"http://www.macromedia.com/go/getflashplayer\" />\r\n</object>');

--
-- Table structure for table `Szkoly`
--

CREATE TABLE Szkoly (
  idszk int(11) NOT NULL auto_increment,
  nazwa varchar(250) NOT NULL default '',
  typ varchar(20) NOT NULL default '',
  system varchar(20) NOT NULL default '',
  rekrutacja text,
  czas1 int(11) NOT NULL default '0',
  zawod1 varchar(200) NOT NULL default '',
  opis1 text,
  czas2 int(11) default NULL,
  zawod2 varchar(200) default NULL,
  opis2 text,
  czas3 int(11) default NULL,
  zawod3 varchar(200) default NULL,
  opis3 text,
  kolej int(2) default NULL,
  PRIMARY KEY  (idszk)
) TYPE=MyISAM;

--
-- Dumping data for table `Szkoly`
--

INSERT INTO Szkoly VALUES (3,'Liceum Profilowane nr XV','t','dzienny','<a href=\"http://www.absolwenci.wroclaw.pl/ponadgimnazjalne.aspx\">Rekrutacja elektroniczna na stronie Urzędu Miejskiego Wrocławia</a>',4,'Transportowo-spedycyjny','Ogólne zagadnienia w profilu to: podstawy automatyki wytwarzania, układy komunikacyjne w transporcie, zasady tworzenia procesów spedycyjnych z wykorzystaniem różnych gałęzi transportu.',0,'','',0,'','',1);
INSERT INTO Szkoly VALUES (2,'Technikum Nr 12','t','dzienny','<a href=\"http://www.absolwenci.wroclaw.pl/ponadgimnazjalne.aspx\">Rekrutacja elektroniczna na stronie Urzędu Miejskiego Wrocławia</a>',4,'Technik Logistyk','Podstawowe zagadnienia: planowanie sprzedaży i prognozowanie popytu,\r\norganizacja handlu elektronicznego, obsługa systemów informacyjnych wspomagających dystrybucję, planowanie produkcji i zapasów, obsługa zintegrowanych systemów informatycznych wspomagających zarządzanie logistyczne.',4,'Technik Budowy Dróg i Mostów Kolejowych','Podstawowe zagadnienia: projektowanie obiektów kolejowych i mostowych, projektowanie procesów budowy i naprawy obiektów budownictwa drogowego, wykonywanie pomiarów sytuacyjno-wysokościowych, ocenianie stanu technicznego obiektów budownictwa kolejowego, opracowanie projektów finansowych budowy.',0,'','',2);
INSERT INTO Szkoly VALUES (4,'Szkoła Policealna nr 12','t','dzienny','Dokumenty niezbędne: podanie, świadectwo ukończenia liceum profilowanego lub szkoły średniej, wyniki egzaminu gimnazjalnego, trzy fotografie, rozmowa kwalifikacyjna ',1,'Technik Spedytor','Absolwenci po Liceum Profilowanym o profilu transporotowo-spedycyjnym.',2,'Technik Logistyk','Absolwenci po dowolnej szkole średniej.',0,'','',3);
INSERT INTO Szkoly VALUES (5,'Szkoła Policealna nr 12','t','zaoczny','Dokumenty niezbędne: podanie, świadectwo ukończenia liceum profilowanego lub szkoły średniej, wyniki egzaminu gimnazjalnego, trzy fotografie, rozmowa kwalifikacyjna, opłata semestralna: (80 zł + wpisowe 20 zł)',1,'Technik Spedytor','Absolwenci po liceum profilowanym o profilu transporotowo-spedycyjnym.',2,'Technik Dróg i Mostów Kolejowych','Absolwenci po dowolnej szkole średniej.',0,'','',4);

--
-- Table structure for table `Terminarz`
--

CREATE TABLE Terminarz (
  idter int(11) NOT NULL auto_increment,
  datapocz date NOT NULL default '0000-00-00',
  datakon date default NULL,
  tytul varchar(250) NOT NULL default '',
  tresc text NOT NULL,
  datawpisu date NOT NULL default '0000-00-00',
  pokaz char(1) NOT NULL default '',
  rodzaj char(1) NOT NULL default '',
  PRIMARY KEY  (idter)
) TYPE=MyISAM;

--
-- Dumping data for table `Terminarz`
--


